{"id":2703,"date":"2020-04-28T17:36:31","date_gmt":"2020-04-28T15:36:31","guid":{"rendered":"http:\/\/www.ticeolivierdie.com\/olivier-erun\/?page_id=2703"},"modified":"2020-04-30T09:12:22","modified_gmt":"2020-04-30T07:12:22","slug":"probleme-de-maths-cpce1-b","status":"publish","type":"page","link":"http:\/\/www.ticeolivierdie.com\/olivier-erun\/probleme-de-maths-cpce1-b\/","title":{"rendered":"Probl\u00e8me de maths cpce1 b"},"content":{"rendered":"<p><a href=\"http:\/\/www.ticeolivierdie.com\/escapolivecpce1b.html\">Retour \u00e0 l&rsquo;accueil<\/a><\/p>\n<p><img loading=\"lazy\" decoding=\"async\" class=\"alignnone  wp-image-2704\" src=\"http:\/\/www.ticeolivierdie.com\/olivier-erun\/wp-content\/uploads\/chatonarbre-150x150.jpg\" alt=\"\" width=\"70\" height=\"70\" \/><\/p>\n<p>C&rsquo;est la saison des fraises. Zig va les ramasser au jardin.<\/p>\n<p>Il en ramasse 28. Ensuite il rentre chez lui pour les \u00a0pr\u00e9parer avec de la chantilly.<\/p>\n<p>Pour cela il coupe les fraises en deux et les dispose dans des assiettes.<\/p>\n<p>Il met 8 moiti\u00e9s de fraise \u00e0 chaque fois.<\/p>\n<p>Combien d&rsquo;assiettes peut il faire?<\/p>\n<p>La r\u00e9ponse te donnera une lettre.<\/p>\n<p><img loading=\"lazy\" decoding=\"async\" class=\"alignnone size-medium wp-image-2705\" src=\"http:\/\/www.ticeolivierdie.com\/olivier-erun\/wp-content\/uploads\/fraises-300x206.png\" alt=\"\" width=\"300\" height=\"206\" srcset=\"http:\/\/www.ticeolivierdie.com\/olivier-erun\/wp-content\/uploads\/fraises-300x206.png 300w, http:\/\/www.ticeolivierdie.com\/olivier-erun\/wp-content\/uploads\/fraises.png 337w\" sizes=\"auto, (max-width: 300px) 100vw, 300px\" \/><\/p>\n<p>Fait un dessin pour t&rsquo;aider.<\/p>\n<p><script src=\"https:\/\/www.w3counter.com\/tracker.js?id=131279\"><\/script><\/p>\n","protected":false},"excerpt":{"rendered":"<p>Retour \u00e0 l&rsquo;accueil C&rsquo;est la saison des fraises. Zig va les ramasser au jardin. Il en ramasse 28. Ensuite il rentre chez lui pour les \u00a0pr\u00e9parer avec de la chantilly. Pour cela il coupe les fraises en deux et les dispose dans des assiettes. Il met 8 moiti\u00e9s de fraise \u00e0 chaque fois. Combien d&rsquo;assiettes [&hellip;]<\/p>\n","protected":false},"author":1,"featured_media":0,"parent":0,"menu_order":0,"comment_status":"closed","ping_status":"closed","template":"","meta":{"footnotes":""},"class_list":["post-2703","page","type-page","status-publish","hentry"],"_links":{"self":[{"href":"http:\/\/www.ticeolivierdie.com\/olivier-erun\/wp-json\/wp\/v2\/pages\/2703","targetHints":{"allow":["GET"]}}],"collection":[{"href":"http:\/\/www.ticeolivierdie.com\/olivier-erun\/wp-json\/wp\/v2\/pages"}],"about":[{"href":"http:\/\/www.ticeolivierdie.com\/olivier-erun\/wp-json\/wp\/v2\/types\/page"}],"author":[{"embeddable":true,"href":"http:\/\/www.ticeolivierdie.com\/olivier-erun\/wp-json\/wp\/v2\/users\/1"}],"replies":[{"embeddable":true,"href":"http:\/\/www.ticeolivierdie.com\/olivier-erun\/wp-json\/wp\/v2\/comments?post=2703"}],"version-history":[{"count":3,"href":"http:\/\/www.ticeolivierdie.com\/olivier-erun\/wp-json\/wp\/v2\/pages\/2703\/revisions"}],"predecessor-version":[{"id":2834,"href":"http:\/\/www.ticeolivierdie.com\/olivier-erun\/wp-json\/wp\/v2\/pages\/2703\/revisions\/2834"}],"wp:attachment":[{"href":"http:\/\/www.ticeolivierdie.com\/olivier-erun\/wp-json\/wp\/v2\/media?parent=2703"}],"curies":[{"name":"wp","href":"https:\/\/api.w.org\/{rel}","templated":true}]}}