{"id":2864,"date":"2020-04-30T19:26:13","date_gmt":"2020-04-30T17:26:13","guid":{"rendered":"http:\/\/www.ticeolivierdie.com\/olivier-erun\/?page_id=2864"},"modified":"2020-05-01T17:24:39","modified_gmt":"2020-05-01T15:24:39","slug":"ecoute-lhistoire-ce2b","status":"publish","type":"page","link":"http:\/\/www.ticeolivierdie.com\/olivier-erun\/ecoute-lhistoire-ce2b\/","title":{"rendered":"Ecoute l&rsquo;histoire ce2b"},"content":{"rendered":"<p><a href=\"http:\/\/www.ticeolivierdie.com\/escapolivece2b.html\">Retour \u00e0 la page d&rsquo;accueil<\/a><\/p>\n<p><img loading=\"lazy\" decoding=\"async\" class=\"alignnone  wp-image-2865\" src=\"http:\/\/www.ticeolivierdie.com\/olivier-erun\/wp-content\/uploads\/grosbec-150x150.jpg\" alt=\"\" width=\"70\" height=\"70\" \/><\/p>\n<audio class=\"wp-audio-shortcode\" id=\"audio-2864-1\" preload=\"none\" style=\"width: 100%;\" controls=\"controls\"><source type=\"audio\/mpeg\" src=\"http:\/\/www.ticeolivierdie.com\/olivier-erun\/wp-content\/uploads\/obo-1.mp3?_=1\" \/><a href=\"http:\/\/www.ticeolivierdie.com\/olivier-erun\/wp-content\/uploads\/obo-1.mp3\">http:\/\/www.ticeolivierdie.com\/olivier-erun\/wp-content\/uploads\/obo-1.mp3<\/a><\/audio>\n<p>Ecoute cette histoire<\/p>\n<p>Une de ces affirmations est fausse, note le nombre qui correspond<\/p>\n<p>Obo est laid = \u00a0 5<\/p>\n<p>Obo joue bien de la fl\u00fbte. = 10<\/p>\n<p>Parfois Obo est triste =15<\/p>\n<p>Obo trouve un homme \u00e0 bout de force. =20<\/p>\n<p>Obo le ram\u00e8ne \u00e0 la vie gr\u00e2ce \u00e0 sa fl\u00fbte = 25<\/p>\n<p>La belle ensorcel\u00e9e est \u00e0 Riorim =30<\/p>\n<p>Le roi qui r\u00e8gne \u00e0 Riorim est un bon roi. =35<\/p>\n<p>Riorim se trouve au centre de la carte. = 40<\/p>\n<p><script src=\"https:\/\/www.w3counter.com\/tracker.js?id=131279\"><\/script><\/p>\n","protected":false},"excerpt":{"rendered":"<p>Retour \u00e0 la page d&rsquo;accueil Ecoute cette histoire Une de ces affirmations est fausse, note le nombre qui correspond Obo est laid = \u00a0 5 Obo joue bien de la fl\u00fbte. = 10 Parfois Obo est triste =15 Obo trouve un homme \u00e0 bout de force. =20 Obo le ram\u00e8ne \u00e0 la vie gr\u00e2ce \u00e0 [&hellip;]<\/p>\n","protected":false},"author":1,"featured_media":0,"parent":0,"menu_order":0,"comment_status":"closed","ping_status":"closed","template":"","meta":{"footnotes":""},"class_list":["post-2864","page","type-page","status-publish","hentry"],"_links":{"self":[{"href":"http:\/\/www.ticeolivierdie.com\/olivier-erun\/wp-json\/wp\/v2\/pages\/2864","targetHints":{"allow":["GET"]}}],"collection":[{"href":"http:\/\/www.ticeolivierdie.com\/olivier-erun\/wp-json\/wp\/v2\/pages"}],"about":[{"href":"http:\/\/www.ticeolivierdie.com\/olivier-erun\/wp-json\/wp\/v2\/types\/page"}],"author":[{"embeddable":true,"href":"http:\/\/www.ticeolivierdie.com\/olivier-erun\/wp-json\/wp\/v2\/users\/1"}],"replies":[{"embeddable":true,"href":"http:\/\/www.ticeolivierdie.com\/olivier-erun\/wp-json\/wp\/v2\/comments?post=2864"}],"version-history":[{"count":4,"href":"http:\/\/www.ticeolivierdie.com\/olivier-erun\/wp-json\/wp\/v2\/pages\/2864\/revisions"}],"predecessor-version":[{"id":2950,"href":"http:\/\/www.ticeolivierdie.com\/olivier-erun\/wp-json\/wp\/v2\/pages\/2864\/revisions\/2950"}],"wp:attachment":[{"href":"http:\/\/www.ticeolivierdie.com\/olivier-erun\/wp-json\/wp\/v2\/media?parent=2864"}],"curies":[{"name":"wp","href":"https:\/\/api.w.org\/{rel}","templated":true}]}}