{"id":2872,"date":"2020-04-30T19:50:50","date_gmt":"2020-04-30T17:50:50","guid":{"rendered":"http:\/\/www.ticeolivierdie.com\/olivier-erun\/?page_id=2872"},"modified":"2020-05-01T21:11:42","modified_gmt":"2020-05-01T19:11:42","slug":"logique-de-brigands-ce2b","status":"publish","type":"page","link":"http:\/\/www.ticeolivierdie.com\/olivier-erun\/logique-de-brigands-ce2b\/","title":{"rendered":"Logique de brigands ce2b"},"content":{"rendered":"<p><a href=\"http:\/\/www.ticeolivierdie.com\/escapolivece2b.html\">Retour \u00e0 la page d&rsquo;accueil<\/a><\/p>\n<p><img loading=\"lazy\" decoding=\"async\" class=\"alignnone  wp-image-2874\" src=\"http:\/\/www.ticeolivierdie.com\/olivier-erun\/wp-content\/uploads\/tarindesaulnes-150x150.jpg\" alt=\"\" width=\"70\" height=\"70\" \/><\/p>\n<p>Trouve la part de chacun<\/p>\n<p>Puis fais la somme des nombres qui se trouvent \u00e0 l&#8217;emplacement des bonnes r\u00e9ponses. Ce nombre te donnera une lettre.<\/p>\n<p><img loading=\"lazy\" decoding=\"async\" class=\"alignnone size-full wp-image-2877\" src=\"http:\/\/www.ticeolivierdie.com\/olivier-erun\/wp-content\/uploads\/Capture-d\u2019\u00e9cran-2020-04-30-\u00e0-20.30.31.png\" alt=\"\" width=\"796\" height=\"756\" srcset=\"http:\/\/www.ticeolivierdie.com\/olivier-erun\/wp-content\/uploads\/Capture-d\u2019\u00e9cran-2020-04-30-\u00e0-20.30.31.png 796w, http:\/\/www.ticeolivierdie.com\/olivier-erun\/wp-content\/uploads\/Capture-d\u2019\u00e9cran-2020-04-30-\u00e0-20.30.31-300x285.png 300w, http:\/\/www.ticeolivierdie.com\/olivier-erun\/wp-content\/uploads\/Capture-d\u2019\u00e9cran-2020-04-30-\u00e0-20.30.31-768x729.png 768w, http:\/\/www.ticeolivierdie.com\/olivier-erun\/wp-content\/uploads\/Capture-d\u2019\u00e9cran-2020-04-30-\u00e0-20.30.31-350x332.png 350w\" sizes=\"auto, (max-width: 796px) 100vw, 796px\" \/><\/p>\n<p><script src=\"https:\/\/www.w3counter.com\/tracker.js?id=131279\"><\/script><\/p>\n","protected":false},"excerpt":{"rendered":"<p>Retour \u00e0 la page d&rsquo;accueil Trouve la part de chacun Puis fais la somme des nombres qui se trouvent \u00e0 l&#8217;emplacement des bonnes r\u00e9ponses. Ce nombre te donnera une lettre.<\/p>\n","protected":false},"author":1,"featured_media":0,"parent":0,"menu_order":0,"comment_status":"closed","ping_status":"closed","template":"","meta":{"footnotes":""},"class_list":["post-2872","page","type-page","status-publish","hentry"],"_links":{"self":[{"href":"http:\/\/www.ticeolivierdie.com\/olivier-erun\/wp-json\/wp\/v2\/pages\/2872","targetHints":{"allow":["GET"]}}],"collection":[{"href":"http:\/\/www.ticeolivierdie.com\/olivier-erun\/wp-json\/wp\/v2\/pages"}],"about":[{"href":"http:\/\/www.ticeolivierdie.com\/olivier-erun\/wp-json\/wp\/v2\/types\/page"}],"author":[{"embeddable":true,"href":"http:\/\/www.ticeolivierdie.com\/olivier-erun\/wp-json\/wp\/v2\/users\/1"}],"replies":[{"embeddable":true,"href":"http:\/\/www.ticeolivierdie.com\/olivier-erun\/wp-json\/wp\/v2\/comments?post=2872"}],"version-history":[{"count":5,"href":"http:\/\/www.ticeolivierdie.com\/olivier-erun\/wp-json\/wp\/v2\/pages\/2872\/revisions"}],"predecessor-version":[{"id":2983,"href":"http:\/\/www.ticeolivierdie.com\/olivier-erun\/wp-json\/wp\/v2\/pages\/2872\/revisions\/2983"}],"wp:attachment":[{"href":"http:\/\/www.ticeolivierdie.com\/olivier-erun\/wp-json\/wp\/v2\/media?parent=2872"}],"curies":[{"name":"wp","href":"https:\/\/api.w.org\/{rel}","templated":true}]}}